{"id":68,"date":"2017-05-21T20:47:03","date_gmt":"2017-05-21T18:47:03","guid":{"rendered":"http:\/\/furkamotors.com\/?page_id=68"},"modified":"2024-01-22T12:40:52","modified_gmt":"2024-01-22T11:40:52","slug":"podmienky","status":"publish","type":"page","link":"https:\/\/furkamotors.com\/ita\/podmienky\/","title":{"rendered":"Termini e condizioni e protezione dei dati personali"},"content":{"rendered":"<h3><strong>Termini e condizioni di FURKA S.R.L.<\/strong><\/h3>\n<p>PDF:<span style=\"color: #ff0000;\"> <a style=\"color: #ff0000;\" href=\"http:\/\/furkamotors.com\/wp-content\/uploads\/2022\/10\/Obchodne-podmienky-2022-v5.pdf\" target=\"_blank\" rel=\"noopener\"><i class=\"far fa-file-pdf \" ><\/i><\/a> <\/span><span style=\"color: #0000ff;\"><a style=\"color: #0000ff;\" href=\"http:\/\/furkamotors.com\/wp-content\/uploads\/2022\/10\/Obchodne-podmienky-2022-v5.pdf\" target=\"_blank\" rel=\"noopener\">Obchodne-podmienky-2022-v5. pdf<\/a><\/span> (0,3 MB &#8211; Slovak)<\/p>\n<h3><strong>CONDIZIONI UTENTE DEI PRODOTTI FURKAMOTOR<\/strong><\/h3>\n<p>Acquistando il prodotto accetti di essere a conoscenza delle condizioni del servizio di riparazione. Non \u00e8 possibile restituire le biciclette dopo averle gi\u00e0 utilizzate, poich\u00e9 sono prodotte appositamente in base al vostro ordine. Tuttavia puoi utilizzare il nostro servizio, che in alcuni casi \u00e8 gratuito (rari difetti derivanti dal processo di produzione, che eliminiamo continuamente).<\/p>\n<p>Le condizioni valide indicate su questo sito web sono scritte in lingua slovacca. Ci riserviamo il diritto di modificarli o integrarli. Potete richiedere la versione completa a info@furkamotors.com.<\/p>\n<p>La pagina web furkamotors.com insieme ai prodotti FURKAMOTORS pu\u00f2 essere utilizzata solo in accettazione delle norme di legge del paese in cui si utilizza la motocicletta o qualsiasi altro prodotto.<\/p>\n<p>I prodotti soddisfano la standardizzazione legale, l&#8217;omologazione e le norme tecniche dell&#8217;Unione Europea, degli Stati Uniti e del Canada. Il proprietario si assume la piena e incondizionata responsabilit\u00e0 della manutenzione del prodotto e della sua stabilit\u00e0 tecnica collegando un carburatore, guidando o qualsiasi altro utilizzo del prodotto. La versione completa delle condizioni tecniche, dei reclami, dei reclami di servizio e di altri reclami viene consegnata in formato cartaceo insieme al prodotto.<\/p>\n<p>Secondo le direttive \u00e8 possibile richiedere la riparazione gratuita del motore a combustione entro massimo 30 giorni dalla ricezione del prodotto. Il servizio di reclamo non \u00e8 tuttavia applicabile ai danni meccanici gravi.<\/p>\n<h3><strong>SICUREZZA DELLE INFORMAZIONI PERSONALI<\/strong><\/h3>\n<p>La sicurezza dei dati personali segue le leggi della Repubblica Slovacca e le attuali normative dell&#8217;Unione Europea. Ci impegniamo a non diffondere o condividere con soggetti terzi le informazioni che ci hai fornito. Le informazioni vengono conservate solo per un periodo di tempo immediato necessario alla comunicazione con il cliente. Le informazioni fornite vengono utilizzate esclusivamente per l&#8217;elaborazione dell&#8217;ordine o della comunicazione. Ogni informazione relativa al tuo ordine o alla visita della pagina verr\u00e0 cancellata al pi\u00f9 tardi 120 giorni dopo averla ottenuta (<a href=\"https:\/\/furkamotors.com\/ita\/ochrana-osobnych-udajov\/\"><span style=\"color: #0000ff;\">VEDI GDPR DETTAGLIATO<\/span>)<\/a><\/p>\n<h3><strong>FILE COOKIE<\/strong><\/h3>\n<p>I file cookie della pagina web FURKAMOTORS.COM vengono utilizzati per elaborare gli ordini e visualizzare le impostazioni dell&#8217;account.<\/p>\n<h3><strong>UTILIZZO DEL WEB<\/strong><\/h3>\n<p>Il tuo account utente contiene un elenco degli ordini che hai effettuato. Non \u00e8 possibile un utilizzo diverso da quello fornito dagli elementi interattivi di base di questi siti web. Nel caso in cui l&#8217;utilizzo del Web causi danni, verr\u00e0 richiesto il risarcimento del prezzo intero.<\/p>\n","protected":false},"excerpt":{"rendered":"<p>Termini e condizioni di FURKA S.R.L. PDF: Obchodne-podmienky-2022-v5. pdf (0,3 MB &#8211; Slovak) CONDIZIONI UTENTE DEI PRODOTTI FURKAMOTOR Acquistando il prodotto accetti di essere a conoscenza delle condizioni del servizio di riparazione. Non \u00e8 possibile restituire le biciclette dopo averle gi\u00e0 utilizzate, poich\u00e9 sono prodotte appositamente in base al vostro ordine. Tuttavia puoi utilizzare il [&hellip;]<\/p>\n","protected":false},"author":1,"featured_media":2535,"parent":0,"menu_order":0,"comment_status":"closed","ping_status":"closed","template":"template-fullwidth.php","meta":{"footnotes":""},"class_list":["post-68","page","type-page","status-publish","has-post-thumbnail","hentry"],"yoast_head":"<!-- This site is optimized with the Yoast SEO plugin v24.8.1 - https:\/\/yoast.com\/wordpress\/plugins\/seo\/ -->\n<title>Termini e condizioni e protezione dei dati personali | FURKA MOTORS<\/title>\n<meta name=\"robots\" content=\"index, follow, max-snippet:-1, max-image-preview:large, max-video-preview:-1\" \/>\n<link rel=\"canonical\" href=\"https:\/\/furkamotors.com\/ita\/podmienky\/\" \/>\n<meta property=\"og:locale\" content=\"it_IT\" \/>\n<meta property=\"og:locale:alternate\" content=\"en_US\" \/>\n<meta property=\"og:locale:alternate\" content=\"sk_SK\" \/>\n<meta property=\"og:locale:alternate\" content=\"es_ES\" \/>\n<meta property=\"og:type\" content=\"article\" \/>\n<meta property=\"og:title\" content=\"Termini e condizioni e protezione dei dati personali\" \/>\n<meta property=\"og:description\" content=\"Termini e condizioni di FURKA S.R.L. PDF: Obchodne-podmienky-2022-v5. pdf (0,3 MB &#8211; Slovak) CONDIZIONI UTENTE DEI PRODOTTI FURKAMOTOR Acquistando il prodotto accetti di essere a conoscenza delle condizioni del servizio di riparazione. Non \u00e8 possibile restituire le biciclette dopo averle gi\u00e0 utilizzate, poich\u00e9 sono prodotte appositamente in base al vostro ordine. Tuttavia puoi utilizzare il [&hellip;]\" \/>\n<meta property=\"og:url\" content=\"https:\/\/furkamotors.com\/ita\/podmienky\/\" \/>\n<meta property=\"og:site_name\" content=\"FURKA MOTORS\" \/>\n<meta property=\"article:publisher\" content=\"https:\/\/www.facebook.com\/furkamotors\" \/>\n<meta property=\"article:modified_time\" content=\"2024-01-22T11:40:52+00:00\" \/>\n<meta property=\"og:image\" content=\"https:\/\/furkamotors.com\/wp-content\/uploads\/2022\/10\/obrazok_2022-10-01_202216892.png\" \/>\n\t<meta property=\"og:image:width\" content=\"500\" \/>\n\t<meta property=\"og:image:height\" content=\"500\" \/>\n\t<meta property=\"og:image:type\" content=\"image\/png\" \/>\n<meta name=\"twitter:card\" content=\"summary_large_image\" \/>\n<meta name=\"twitter:label1\" content=\"Tempo di lettura stimato\" \/>\n\t<meta name=\"twitter:data1\" content=\"3 minuti\" \/>\n<script type=\"application\/ld+json\" class=\"yoast-schema-graph\">{\"@context\":\"https:\/\/schema.org\",\"@graph\":[{\"@type\":\"WebPage\",\"@id\":\"https:\/\/furkamotors.com\/ita\/podmienky\/\",\"url\":\"https:\/\/furkamotors.com\/ita\/podmienky\/\",\"name\":\"Termini e condizioni e protezione dei dati personali\",\"isPartOf\":{\"@id\":\"https:\/\/furkamotors.com\/#website\"},\"primaryImageOfPage\":{\"@id\":\"https:\/\/furkamotors.com\/ita\/podmienky\/#primaryimage\"},\"image\":{\"@id\":\"https:\/\/furkamotors.com\/ita\/podmienky\/#primaryimage\"},\"thumbnailUrl\":\"https:\/\/furkamotors.com\/wp-content\/uploads\/2022\/10\/obrazok_2022-10-01_202216892.png\",\"datePublished\":\"2017-05-21T18:47:03+00:00\",\"dateModified\":\"2024-01-22T11:40:52+00:00\",\"inLanguage\":\"it-IT\",\"potentialAction\":[{\"@type\":\"ReadAction\",\"target\":[\"https:\/\/furkamotors.com\/ita\/podmienky\/\"]}]},{\"@type\":\"ImageObject\",\"inLanguage\":\"it-IT\",\"@id\":\"https:\/\/furkamotors.com\/ita\/podmienky\/#primaryimage\",\"url\":\"https:\/\/furkamotors.com\/wp-content\/uploads\/2022\/10\/obrazok_2022-10-01_202216892.png\",\"contentUrl\":\"https:\/\/furkamotors.com\/wp-content\/uploads\/2022\/10\/obrazok_2022-10-01_202216892.png\",\"width\":500,\"height\":500},{\"@type\":\"WebSite\",\"@id\":\"https:\/\/furkamotors.com\/#website\",\"url\":\"https:\/\/furkamotors.com\/\",\"name\":\"FURKA MOTORS\",\"description\":\"Stile proprio...\",\"publisher\":{\"@id\":\"https:\/\/furkamotors.com\/#organization\"},\"potentialAction\":[{\"@type\":\"SearchAction\",\"target\":{\"@type\":\"EntryPoint\",\"urlTemplate\":\"https:\/\/furkamotors.com\/?s={search_term_string}\"},\"query-input\":{\"@type\":\"PropertyValueSpecification\",\"valueRequired\":true,\"valueName\":\"search_term_string\"}}],\"inLanguage\":\"it-IT\"},{\"@type\":\"Organization\",\"@id\":\"https:\/\/furkamotors.com\/#organization\",\"name\":\"FURKA MOTORS\",\"url\":\"https:\/\/furkamotors.com\/\",\"logo\":{\"@type\":\"ImageObject\",\"inLanguage\":\"it-IT\",\"@id\":\"https:\/\/furkamotors.com\/#\/schema\/logo\/image\/\",\"url\":\"https:\/\/furkamotors.com\/wp-content\/uploads\/2022\/07\/logo-od2022.png\",\"contentUrl\":\"https:\/\/furkamotors.com\/wp-content\/uploads\/2022\/07\/logo-od2022.png\",\"width\":468,\"height\":462,\"caption\":\"FURKA MOTORS\"},\"image\":{\"@id\":\"https:\/\/furkamotors.com\/#\/schema\/logo\/image\/\"},\"sameAs\":[\"https:\/\/www.facebook.com\/furkamotors\"]}]}<\/script>\n<!-- \/ Yoast SEO plugin. -->","yoast_head_json":{"title":"Termini e condizioni e protezione dei dati personali | FURKA MOTORS","robots":{"index":"index","follow":"follow","max-snippet":"max-snippet:-1","max-image-preview":"max-image-preview:large","max-video-preview":"max-video-preview:-1"},"canonical":"https:\/\/furkamotors.com\/ita\/podmienky\/","og_locale":"it_IT","og_type":"article","og_title":"[:en]Terms and conditions & protection of personal data[:sk]Obchodn\u00e9 podmienky a ochrana osobn\u00fdch \u00fadajov[:es]T\u00e9rminos y condiciones[:ita]Termini e condizioni e protezione dei dati personali[:] | FURKA MOTORS","og_description":"Termini e condizioni di FURKA S.R.L. PDF: Obchodne-podmienky-2022-v5. pdf (0,3 MB &#8211; Slovak) CONDIZIONI UTENTE DEI PRODOTTI FURKAMOTOR Acquistando il prodotto accetti di essere a conoscenza delle condizioni del servizio di riparazione. Non \u00e8 possibile restituire le biciclette dopo averle gi\u00e0 utilizzate, poich\u00e9 sono prodotte appositamente in base al vostro ordine. Tuttavia puoi utilizzare il [&hellip;]","og_url":"https:\/\/furkamotors.com\/ita\/podmienky\/","og_site_name":"FURKA MOTORS","article_publisher":"https:\/\/www.facebook.com\/furkamotors","article_modified_time":"2024-01-22T11:40:52+00:00","og_image":[{"width":500,"height":500,"url":"https:\/\/furkamotors.com\/wp-content\/uploads\/2022\/10\/obrazok_2022-10-01_202216892.png","type":"image\/png"}],"twitter_card":"summary_large_image","twitter_misc":{"Tempo di lettura stimato":"3 minuti"},"schema":{"@context":"https:\/\/schema.org","@graph":[{"@type":"WebPage","@id":"https:\/\/furkamotors.com\/ita\/podmienky\/","url":"https:\/\/furkamotors.com\/ita\/podmienky\/","name":"Termini e condizioni e protezione dei dati personali","isPartOf":{"@id":"https:\/\/furkamotors.com\/#website"},"primaryImageOfPage":{"@id":"https:\/\/furkamotors.com\/ita\/podmienky\/#primaryimage"},"image":{"@id":"https:\/\/furkamotors.com\/ita\/podmienky\/#primaryimage"},"thumbnailUrl":"https:\/\/furkamotors.com\/wp-content\/uploads\/2022\/10\/obrazok_2022-10-01_202216892.png","datePublished":"2017-05-21T18:47:03+00:00","dateModified":"2024-01-22T11:40:52+00:00","inLanguage":"it-IT","potentialAction":[{"@type":"ReadAction","target":["https:\/\/furkamotors.com\/ita\/podmienky\/"]}]},{"@type":"ImageObject","inLanguage":"it-IT","@id":"https:\/\/furkamotors.com\/ita\/podmienky\/#primaryimage","url":"https:\/\/furkamotors.com\/wp-content\/uploads\/2022\/10\/obrazok_2022-10-01_202216892.png","contentUrl":"https:\/\/furkamotors.com\/wp-content\/uploads\/2022\/10\/obrazok_2022-10-01_202216892.png","width":500,"height":500},{"@type":"WebSite","@id":"https:\/\/furkamotors.com\/#website","url":"https:\/\/furkamotors.com\/","name":"FURKA MOTORS","description":"Stile proprio...","publisher":{"@id":"https:\/\/furkamotors.com\/#organization"},"potentialAction":[{"@type":"SearchAction","target":{"@type":"EntryPoint","urlTemplate":"https:\/\/furkamotors.com\/?s={search_term_string}"},"query-input":{"@type":"PropertyValueSpecification","valueRequired":true,"valueName":"search_term_string"}}],"inLanguage":"it-IT"},{"@type":"Organization","@id":"https:\/\/furkamotors.com\/#organization","name":"FURKA MOTORS","url":"https:\/\/furkamotors.com\/","logo":{"@type":"ImageObject","inLanguage":"it-IT","@id":"https:\/\/furkamotors.com\/#\/schema\/logo\/image\/","url":"https:\/\/furkamotors.com\/wp-content\/uploads\/2022\/07\/logo-od2022.png","contentUrl":"https:\/\/furkamotors.com\/wp-content\/uploads\/2022\/07\/logo-od2022.png","width":468,"height":462,"caption":"FURKA MOTORS"},"image":{"@id":"https:\/\/furkamotors.com\/#\/schema\/logo\/image\/"},"sameAs":["https:\/\/www.facebook.com\/furkamotors"]}]}},"_links":{"self":[{"href":"https:\/\/furkamotors.com\/ita\/wp-json\/wp\/v2\/pages\/68","targetHints":{"allow":["GET"]}}],"collection":[{"href":"https:\/\/furkamotors.com\/ita\/wp-json\/wp\/v2\/pages"}],"about":[{"href":"https:\/\/furkamotors.com\/ita\/wp-json\/wp\/v2\/types\/page"}],"author":[{"embeddable":true,"href":"https:\/\/furkamotors.com\/ita\/wp-json\/wp\/v2\/users\/1"}],"replies":[{"embeddable":true,"href":"https:\/\/furkamotors.com\/ita\/wp-json\/wp\/v2\/comments?post=68"}],"version-history":[{"count":29,"href":"https:\/\/furkamotors.com\/ita\/wp-json\/wp\/v2\/pages\/68\/revisions"}],"predecessor-version":[{"id":3652,"href":"https:\/\/furkamotors.com\/ita\/wp-json\/wp\/v2\/pages\/68\/revisions\/3652"}],"wp:featuredmedia":[{"embeddable":true,"href":"https:\/\/furkamotors.com\/ita\/wp-json\/wp\/v2\/media\/2535"}],"wp:attachment":[{"href":"https:\/\/furkamotors.com\/ita\/wp-json\/wp\/v2\/media?parent=68"}],"curies":[{"name":"wp","href":"https:\/\/api.w.org\/{rel}","templated":true}]}}